p(i) = 1987*i + 78058. Calculate p(-39).
565
Let o(w) = 1533*w - 12319. What is o(8)?
-55
Let k(x) = 3*x**2 - 238*x - 4155. Calculate k(-16).
421
Let a(w) = -3*w**3 + 102*w**2 + 558*w - 16. What is a(-5)?
119
Let w(u) = -u**2 + 63*u - 741. Determine w(43).
119
Let a(n) = -129*n**2 - 672*n - 205. Determine a(-5).
-70
Let n(t) = 652003*t + 8476029. Give n(-13).
-10
Let p(f) = -79*f + 612. Give p(12).
-336
Let s(v) = 2*v**3 + 148*v**2 - 37*v + 9376. Give s(-75).
901
Let f(k) = -3*k**2 + 347*k - 53. What is f(115)?
177
Let a(c) = 2013*c - 8015. What is a(4)?
37
Let j(o) = -221*o**2 + 724*o + 105. Determine j(3).
288
Let m(c) = -63*c**3 - 8*c**2 + 441*c - 431. What is m(1)?
-61
Let l(g) = 7*g**2 + 209*g - 1701. What is l(6)?
-195
Let q(r) = -50*r**3 + 252*r**2 - 159*r + 756. What is q(5)?
11
Let l(t) = 86*t - 353. Determine l(8).
335
Let m(o) = 16369*o - 9526759. What is m(582)?
-1
Let a(y) = -347*y**2 + 4143*y + 21. Determine a(12).
-231
Let w(b) = -275*b + 31746. Calculate w(115).
121
Let a(y) = -44560*y - 534710. Give a(-12).
10
Let t(j) = -13*j**3 + 213*j**2 - 157*j - 55. Calculate t(1).
-12
Let h(p) = -2133*p - 211161. Calculate h(-99).
6
Let n(p) = -27*p**2 - 8688*p - 6743. Give n(-321).
-2
Let i(v) = 4*v**3 + 32*v**2 + 7901*v + 39222. What is i(-5)?
17
Let a(q) = -q**3 - 463*q**2 - 1830*q + 2787. What is a(-459)?
33
Let w(h) = h**3 - 33*h**2 - 89*h - 409. Determine w(36).
275
Let q(v) = -24787*v - 1264134. Determine q(-51).
3
Let c(n) = -8*n**3 + 8*n**2 - 12191*n + 24382. Determine c(2).
-32
Let s(g) = -62*g**2 - 155*g - 600. What is s(-4)?
-972
Let z(d) = -2329*d + 23216. Determine z(10).
-74
Let d(b) = 1436335*b + 8618036. Give d(-6).
26
Let d(v) = 15821*v + 31704. Give d(-2).
62
Let t(u) = -2985*u - 516600. Determine t(-173).
-195
Let c(o) = 10*o**2 - 79123*o - 158242. Determine c(-2).
44
Let p(i) = i**3 - 15*i**2 - 36*i + 152. Give p(16).
-168
Let y(q) = 898*q + 244250. Calculate y(-272).
-6
Let f(r) = r**3 - 182*r**2 + 143*r + 4629. Give f(181).
-2249
Let r(w) = 2*w**2 + 67*w - 110. What is r(-27)?
-461
Let d(n) = 2*n**2 + 263*n - 4317. Determine d(-146).
-83
Let v(r) = 757*r + 226345. Give v(-299).
2
Let x(b) = -b**3 + 75*b**2 + 259*b - 13952. What is x(76)?
-44
Let d(m) = -18375*m - 73254. Determine d(-4).
246
Let b(c) = c**3 - 198*c**2 - 548*c - 52527. What is b(202)?
-7
Let h(s) = 616*s - 16157. What is h(25)?
-757
Let a(p) = 298*p + 49082. Calculate a(-143).
6468
Let u(i) = 2*i**3 - 21*i**2 - 85*i + 227. Give u(13).
-33
Let i(v) = -v**3 - 4*v**2 + 326*v + 8. Calculate i(16).
104
Let f(q) = q**2 + 158*q - 8286. Determine f(-195).
-1071
Let d(l) = l**2 - 333*l - 12070. Determine d(-33).
8
Let s(j) = 58*j - 400. Calculate s(13).
354
Let z(i) = -i**3 + 47*i**2 - 372*i - 28. Calculate z(10).
-48
Let g(t) = -5806*t + 348362. Calculate g(60).
2
Let o(m) = -m**3 + 26*m**2 + 3211*m - 78314. Determine o(24).
-98
Let i(m) = -2060*m + 782800. Calculate i(380).
0
Let k(y) = -283*y + 26651. What is k(94)?
49
Let x(m) = -m**3 + 17*m**2 - 132*m + 1188. Determine x(14).
-72
Let b(k) = -191*k**2 + 2312*k - 211. Calculate b(12).
29
Let f(x) = 48*x**2 + 864*x + 850. Give f(-1).
34
Let k(x) = 4*x**2 + 699*x - 6098. What is k(-183)?
-59
Let r(f) = f**2 - 404*f - 18682. What is r(-42)?
50
Let b(d) = -686*d + 233. Determine b(1).
-453
Let g(r) = -r**2 - 415*r + 39596. Give g(80).
-4
Let n(x) = -4*x**3 + 445*x**2 + 349*x - 1438. Determine n(112).
18
Let b(v) = -15793*v - 1452894. Give b(-92).
62
Let w(a) = -a**3 - 3*a**2 - 3822*a - 30900. Determine w(-8).
-4
Let p(b) = b**3 - 20*b**2 + 59*b + 365. Give p(8).
69
Let o(s) = -542*s + 132807. What is o(245)?
17
Let j(d) = -4*d**3 + 31*d**2 + 12*d + 66. Calculate j(-5).
1281
Let a(k) = 2*k**3 + 34*k**2 - 769*k - 11337. Determine a(-13).
12
Let d(s) = 1940*s - 213. Give d(0).
-213
Let u(l) = -l**3 + 10*l**2 + 129*l - 1050. Calculate u(7).
0
Let r(p) = 228*p**2 - 32*p. Determine r(-1).
260
Let u(p) = -5*p**3 + 301*p**2 - 60*p + 219. Calculate u(60).
219
Let t(h) = 11*h**2 + 487*h - 5780. Determine t(-54).
-2
Let x(y) = 478080*y**2 + 956155*y. Determine x(-2).
10
Let n(p) = 8741*p + 34887. Determine n(-4).
-77
Let l(r) = -5*r**2 - 450*r + 1175. What is l(-93)?
-220
Let p(x) = -5*x**3 + 1254*x**2 + 246*x + 1220. What is p(251)?
-35
Let h(v) = -13*v**3 + 44*v**2 - 222*v - 273. What is h(-1)?
6
Let n(k) = -k**3 + 86*k**2 + 2817*k + 33. Give n(-25).
-1017
Let w(j) = -2*j**3 + 62*j**2 + 7*j - 690. Give w(28).
4210
Let q(d) = 7*d**3 + 115*d**2 + 416*d - 16. Give q(-11).
6
Let u(w) = -19691*w + 8585270. What is u(436)?
-6
Let t(m) = -96278*m + 673955. Give t(7).
9
Let j(x) = 291*x**2 - 6363*x - 819. Give j(22).
39
Let s(j) = -21*j**2 - 307*j + 603. Determine s(2).
-95
Let q(r) = 195*r + 6730. Determine q(-33).
295
Let q(i) = -i**2 - 323*i - 25642. Calculate q(-138).
-112
Let o(g) = -280*g**2 + 190*g - 42. Give o(2).
-782
Let u(q) = 6923*q - 782219. Give u(113).
80
Let b(w) = 4*w**2 + 423*w - 5146. What is b(-117)?
119
Let w(t) = -10*t**2 + 359*t + 34048. What is w(79)?
-1
Let r(n) = -10023*n + 270607. Determine r(27).
-14
Let t(x) = x**3 - 635*x**2 + 15835*x - 42. Give t(26).
-16
Let i(q) = 5132*q - 615836. Determine i(120).
4
Let g(a) = -217*a - 6532. Give g(-26).
-890
Let n(b) = -10882*b - 783495. What is n(-72)?
9
Let c(l) = 20*l**2 + 183*l + 63. Calculate c(-9).
36
Let k(v) = 67806*v + 813677. What is k(-12)?
5
Let l(n) = n**2 + 917*n + 732. What is l(0)?
732
Let i(j) = -j**3 + 591*j**2 + 49951*j + 72. Give i(-75).
-3
Let f(w) = 10*w**2 - 2790*w - 724. What is f(280)?
2076
Let p(d) = -d**3 - 169*d**2 - 5243*d + 198. Calculate p(-41).
-7
Let f(a) = 2*a**2 - 324*a + 12968. Calculate f(90).
8
Let l(z) = 11*z**2 - 924*z - 5925. Give l(90).
15
Let y(l) = -l**2 + 12276*l - 975673. What is y(80)?
7
Let n(o) = o**3 + 158*o**2 + 1625*o - 18595. Determine n(-146).
-53
Let f(z) = -41*z**2 + 1020*z - 212. Calculate f(25).
-337
Let p(a) = 2*a**2 + 533*a + 34718. Give p(-153).
-13
Let y(x) = 12366*x - 1100555. What is y(89)?
19
Let b(f) = 3*f**3 - 89*f**2 - 123*f + 85. Give b(31).
116
Let b(d) = -3002*d + 17996. Determine b(6).
-16
Let i(u) = -u**3 + 145*u**2 + 3654*u - 452. Give i(-22).
-12
Let d(m) = m**3 + 22*m**2 - 196*m + 2604. What is d(-31)?
31
Let j(u) = 73*u**2 + 3107*u + 35. What is j(-42)?
-1687
Let p(c) = -10*c**2 + 412*c - 3504. Give p(12).
0
Let f(m) = -m**3 + 183*m**2 + 570*m - 1800. Determine f(186).
432
Let f(n) = -16729*n - 3094871. What is f(-185)?
-6
Let p(i) = 12*i**2 + 3535*i - 321999. Give p(73).
4
Let x(p) = -p**3 + 300*p**2 - 4561*p - 70774. Give x(283).
-24
Let v(o) = o**3 - 735*o + 2911. Determine v(4).
35
Let c(y) = -2*y**2 - 104*y - 2248. What is c(-34)?
-1024
Let g(n) = n**3 + 68*n**2 + 77*n + 536. Calculate g(-67).
-134
Let g(c) = -45675*c - 274080. What is g(-6)?
-30
Let s(q) = -240*q**2 - 943*q + 62. Determine s(-4).
-6
Let y(x) = 2*x**3 + 157*x**2 - 78*x - 12178. Determine y(-78).
-10
Let x(c) = -8*c - 796. What is x(-90)?
-76
Let s(n) = 13*n**2 + 898*n + 15361. Give s(-33).
-116
Let i(y) = -y**2 - 74*y + 9028. Calculate i(65).
-7
Let m(u) = u**2 - 48255*u - 386166. Give m(-8).
-62
Let x(f) = -f**2 + 509*f - 4020. What is x(8)?
-12
Let i(y) = -y**2 - 1701*y - 76637. Calculate i(-46).
-507
Let o(u) = -u**3 - 258*u**2 + 4176*u + 1014466. Determine o(-259).
-37
Let m(n) = -26734*n + 26533. What is m(1)?
-201
Let h(i) = -23126*i + 138750. Calculate h(6).
-6
Let h(m) = -122652*m - 29313820. Calculate h(-239).
8
Let d(z) = -4*z**3 - 2*z**2 + 21*z - 8. Give d(-4).
132
Let o(p) = -420*p - 91230. What is o(-217)?
-90
Let h(o) = 4*o**3 - 510*o**2 + 343*o - 11313. Determine h(127).
-10
Let d(t) = -14*t**2 + 10038*t - 79410. What is d(8)?
-2
Let i(z) = 29*z**2 + 1861*z - 19099. Calculate i(9).
-1
Let i(g) = -g**3 + 7*g**2 - 88*g + 1231. Give i(11).
-221
Let p(j) = 2*j**2 - 398*j - 166948. What is p(405)?
-88
Let r(a) = 7*a**2 + 434*a - 2378. Determine r(5).
-33
Let f(t) = 2*t**2 - 406259*t - 13815124. Calculate f(-34).
-6
Let q(c) = -23697*c + 355448. Give q(15).
-7
Let b(j) = -624*j - 28767. Determine b(-46).
-63
Let y(o) = 6108*o - 140086. Give y(23).
398
Let x(p) = 72979*p + 21820710. Calculate x(-299).
-11
Let f(p) = -130*p**2 - 10277*p - 495. Determine f(-79).
58
Let h(f) = -8*f**3 + 302*f**2 - 461*